se 588 = -0*z + 6*z. What is the greatest common factor of z and 14?
14
Let s(v) = 5*v - 10. Let y be s(16). Calculate the highest common factor of y and 10.
10
Let z(a) be the second derivative of -a**5/20 - 5*a**4/12 - 5*a**3/6 - a**2/2 - 2*a. Let n be z(-4). What is the greatest common divisor of n and 15?
3
Suppose -3*c - d + 79 = 0, 4*c + 2*d = -0*c + 106. Suppose -3*s + c = -28. What is the greatest common factor of s and 2?
2
Let j be 66/17 + (-6)/(-51). Calculate the highest common divisor of j and 10.
2
Let u(a) = 3*a**2 - 9*a + 9. Let s be u(6). Let c(d) = d**2 - 4*d + 5. Let f be c(4). Suppose f*x - 45 = -0*x. What is the greatest common divisor of x and s?
9
Let d(p) = 4*p - 3. Let x(m) = -2*m + 2. Let u(q) = 3*d(q) + 5*x(q). Let b be u(5). Let v = -19 + 30. Calculate the highest common factor of v and b.
11
Suppose 0 = t - 6*t. Suppose t = -z + 3. What is the greatest common factor of z and 12?
3
Let k = -26 - -45. Calculate the highest common divisor of k and 133.
19
Let i = 1 - -2. Suppose -20 = -i*m + m. What is the highest common divisor of 70 and m?
10
Let v = -150 + 170. Let m(f) = 13*f - 5. Let z be m(5). What is the greatest common divisor of v and z?
20
Suppose -5*h - 5 = -5*l, -l + 6*l - 23 = -h. What is the highest common factor of 6 and l?
2
Suppose 3*h = -2*y + 7*y + 439, 595 = 4*h + 3*y. Calculate the greatest common factor of 37 and h.
37
Suppose -46*t = -49*t + 24. Let x be ((-56)/(-6))/(1/6). Calculate the highest common factor of t and x.
8
Let i = -32 + 70. Calculate the highest common divisor of 38 and i.
38
Suppose 6 = -2*p - 0, 3*p + 86 = g. Calculate the greatest common divisor of g and 11.
11
Suppose -2*h - 2*h = -396. Let s be (4/4)/(1/3). Suppose 19 = 4*i - 5*w, -s*i = -w - 29 + 1. What is the highest common divisor of i and h?
11
Let g = -5 - -8. Calculate the greatest common factor of 15 and g.
3
Let r(z) = z**3 + z**2 + 2*z + 22. Let k be r(0). Calculate the highest common factor of 2 and k.
2
Let i be (11 - -2) + 2 + 0. Let f(d) = d**3 - 2*d. Let k be f(-2). Let y be (-538)/k - (-3)/6. What is the greatest common divisor of y and i?
15
Let b = 18 + -12. Let u = b + 12. Let q be 362/8 - 1/4. What is the highest common factor of q and u?
9
Suppose 3*o = 59 + 1. Calculate the highest common factor of o and 30.
10
Let o = 14 - 9. Suppose o - 14 = -3*z. Calculate the greatest common divisor of z and 24.
3
Let y be 882/11 - (-4)/(-22). Suppose -4*w = w - 50. What is the highest common divisor of w and y?
10
Suppose 4*k - o - 752 = -3*o, -3*k = 3*o - 567. Calculate the greatest common divisor of 17 and k.
17
Let t be 5/2 - 4/(-8). Suppose -t*q = 2*q - 150. Suppose -3*x + 360 = q. What is the greatest common divisor of x and 10?
10
Let y(s) be the third derivative of s**4/6 + s**3/3 + s**2. Let i be y(4). What is the highest common divisor of 36 and i?
18
Let f(t) = 2*t**2 - 8*t + 10. Let h be f(4). Calculate the highest common divisor of 10 and h.
10
Let n = -70 - -170. Let z be ((-1)/((-1)/(-4)))/1. Let d = 44 + z. What is the greatest common factor of n and d?
20
Let q(g) be the third derivative of 51*g**6/40 - g**5/60 + g**4/24 - g**3/6 + g**2. Let s be q(1). What is the highest common factor of 19 and s?
19
Let i(n) = n**2 + 3*n - 2. Let c be i(-3). Let q be (80/3)/c*-3. Suppose -2*g - 17 = -4*d + d, 5*d = -5*g + 20. Calculate the highest common factor of d and q.
5
Suppose 2*h - 11 = -1. Suppose -4*q - 4 = -4*b, 0*b - 5*q + 7 = -b. Suppose -b*i + 5*i - 2 = 0. What is the highest common factor of i and h?
1
Suppose -2*y - 3*j + 6*j + 37 = 0, 4*y + 5*j = 85. Calculate the greatest common divisor of 40 and y.
20
Let h be -2 - 1/(2/(-30)). Suppose -2*v + 4*v = 2*k + 34, 2*v = -2*k - 14. Let u = k + 25. Calculate the highest common divisor of h and u.
13
Let v(t) = -t**3 - 6*t**2 - t - 6. Let b be v(-6). Suppose b = 7*k - 3*k - 12. What is the greatest common factor of 1 and k?
1
Let v(a) = a**3 + 6*a**2 - a - 6. Let g be v(-6). Let n = g + 3. Calculate the greatest common factor of 2 and n.
1
Let g(t) = t**3 + 7*t**2 - 2*t - 1. Let c be g(-7). Let v = 28 - c. What is the greatest common divisor of 15 and v?
15
Let c be (-32)/(-5)*(-35)/(-14). Calculate the greatest common factor of c and 96.
16
Let u be 2*19/(-2) + 0. Let i be 1/2*-6 - u. Suppose 22 = 3*r + l, -2*l - 3*l - 26 = -2*r. Calculate the highest common divisor of r and i.
8
Suppose 0 = -f - 25 + 34. What is the greatest common factor of f and 18?
9
Let j = 7 - 8. Let u be j - 26/(-2 - 0). What is the highest common factor of 132 and u?
12
Let a = 14 - 9. Suppose 5*n - 16 = 9. Calculate the highest common factor of a and n.
5
Let r be (-2)/(-8)*-2*2. Let j be 12 + r + (0 - 1). Calculate the highest common factor of j and 10.
10
Let u(h) = h**2 + h**3 - 2*h**3 + 4*h - 6 - 1 + 5*h**2. Let i be u(6). What is the highest common factor of i and 85?
17
Suppose -2*r + 42 = 2. What is the highest common factor of 50 and r?
10
Suppose 4*b + 6 = 6*b. Suppose -20 = -7*y + b*y. Calculate the greatest common divisor of 20 and y.
5
Let g = 2 + 1. Let a be 3 - (g - 1) - -11. What is the highest common divisor of a and 60?
12
Suppose 3*t - 3*u - 64 = 2*u, 0 = -t - u + 16. Let v be ((-3)/2)/(8/(-48)). Let n = t - v. Calculate the greatest common divisor of 6 and n.
3
Let d be 14*((-3 - -1) + 1). Let q = 1 - d. Calculate the greatest common divisor of 75 and q.
15
Suppose -5*r + 224 + 181 = 0. Let i = 1 + -2. Let g be (-2)/(-4)*(i - -19). What is the highest common divisor of r and g?
9
Let f = 53 + -29. Let j(m) = 3*m**2 + 11*m - 28. Let z be j(2). Calculate the greatest common factor of f and z.
6
Suppose 0 = 5*o - 11 + 1. Suppose -2 = -o*a + 2*k + 6, 8 = 3*a - 4*k. Let x be (70/a)/(1/4). Calculate the greatest common factor of x and 5.
5
Let u = 4 + 3. What is the greatest common factor of 28 and u?
7
Let d(o) = 3 + 6 - 1 + o + 4. Let s be d(-5). Calculate the highest common factor of 7 and s.
7
Suppose 0*t - 3*z = t + 87, -5*t - 399 = -3*z. Let a be t/9*11/(-1). Calculate the highest common divisor of a and 11.
11
Let t(k) = 25*k + 8. Let f be t(4). Calculate the greatest common divisor of f and 12.
12
Let n be -2 - 7 - -2 - 0. Let f = -5 - n. Suppose 0*s + f*y + 42 = 2*s, 109 = 5*s - 4*y. Calculate the greatest common divisor of s and 5.
5
Let n = 2 + 10. What is the highest common factor of n and 24?
12
Suppose -2*b = v - 3 - 4, 30 = 3*b - 5*v. Suppose 5*z - 13 = -3*l, -5 = 2*l - b*z + 3. Suppose 3*p - 12 = -p. What is the highest common factor of l and p?
1
Let n(w) = -w**3 + 4*w**2 - w + 4. Let t be n(3). What is the greatest common factor of 110 and t?
10
Let l = 337 + -238. What is the greatest common divisor of 22 and l?
11
Suppose 5*d - 603 = -128. What is the highest common divisor of d and 19?
19
Let q(n) = -33*n - 7. Let c be q(-7). Suppose -3*f - 2*y = -c, 4*f = y + 210 + 74. What is the highest common divisor of 8 and f?
8
Let v be (3/(-6))/(2/(-24)). Suppose -2*k = -v*k + 16. Let a = k - 0. Calculate the greatest common divisor of 36 and a.
4
Suppose -2*t + 14 + 16 = 0. Suppose -t - 13 = -n. Let k(u) = u - 2. Let g be k(6). What is the greatest common factor of g and n?
4
Let p = 3 - 5. Let a be (p - 32)/((-2)/4). Let m = 47 + -30. What is the greatest common divisor of m and a?
17
Let d = -5 - -109. Let l = -55 + d. Calculate the highest common factor of 7 and l.
7
Let n be ((-150)/2)/(10/10). Suppose -3*v + 0*v = -12. Let p be n/(3 - v) + -3. Calculate the highest common divisor of 8 and p.
8
Suppose 0 = -2*y + 7*y - 10. Suppose y*o + 2*i = 12 + 6, -2*o + 5*i + 25 = 0. Calculate the greatest common divisor of o and 50.
10
Let l be (2 + -1)/(2/4). What is the highest common factor of l and 1?
1
Let m = 17 + 25. Calculate the greatest common divisor of 6 and m.
6
Let g be (-7)/((-74)/36 + 2). What is the highest common divisor of g and 14?
14
Let o be -2 + 4 + (-5 - -7). Calculate the highest common factor of 8 and o.
4
Let p(q) = q**3 + 7*q**2 + 6. Let y be p(-7). Calculate the greatest common factor of 3 and y.
3
Suppose 3*d + 5*d = 32. What is the greatest common factor of d and 10?
2
Let u = 17 + 51. Let s = u + 26. Let a be 2/7 + s/14. What is the greatest common divisor of a and 56?
7
Let i(r) = -3*r + 19*r**3 + 4 + 3*r**2 + 2*r**2 + r**